{"id":27119,"date":"2021-07-27T09:49:27","date_gmt":"2021-07-27T07:49:27","guid":{"rendered":"https:\/\/protocolo.umh.es\/?page_id=27119"},"modified":"2026-02-12T12:26:47","modified_gmt":"2026-02-12T11:26:47","slug":"pino-pinonero","status":"publish","type":"page","link":"https:\/\/protocolo.umh.es\/ca\/jardin-de-los-honoris\/pino-pinonero\/","title":{"rendered":"Pi pinyoner"},"content":{"rendered":"<p><\/p>\n<ul>\n<li>Nom com\u00fa: Pi pinyoner<\/li>\n<li>Nom cient\u00edfic: Pinus pinea, L.<\/li>\n<li>Honoris Causa: <span style=\"color: #808000\"><a href=\"https:\/\/protocolo.umh.es\/2011\/10\/07\/solemne-acto-de-apertura-de-curso-academico-2011-2012-e-investidura-como-como-doctores-honoris-causa-de-de-la-profa-dra-helga-kolb-y-del-prof-dr-richard-normann-2\/\">Richard Alan Normann<\/a> <\/span> (07\/10\/2011)<\/li>\n<\/ul>\n<p><a href=\"https:\/\/protocolo.umh.es\/files\/2021\/07\/Pino-pi\u00f1onero.jpg\"><img loading=\"lazy\" class=\"alignnone size-medium wp-image-27122\" src=\"https:\/\/protocolo.umh.es\/files\/2021\/07\/Pino-pi\u00f1onero-300x276.jpg\" alt=\"\" width=\"300\" height=\"276\" srcset=\"https:\/\/protocolo.umh.es\/files\/2021\/07\/Pino-pi\u00f1onero-300x276.jpg 300w, https:\/\/protocolo.umh.es\/files\/2021\/07\/Pino-pi\u00f1onero-768x706.jpg 768w, https:\/\/protocolo.umh.es\/files\/2021\/07\/Pino-pi\u00f1onero.jpg 835w\" sizes=\"(max-width: 300px) 100vw, 300px\" \/><\/a><\/p>\n<p>ORIGEN: Regi\u00f3 mediterr\u00e0nia.<\/p>\n<p>CARACTER\u00cdSTIQUES:<\/p>\n<p>Arbre perenne de tronc m\u00e9s recte que el pi blanc i de cap\u00e7ada arrodonida, amb forma de para-sol quan arriba a l\u2019edat adulta.<br \/>\nBranca i escor\u00e7a de color marr\u00f3-rogenc.<\/p>\n<p>CURIOSITATS:<\/p>\n<p>Espanya \u00e9s el primer productor mundial de pinyons, seguida dels pa\u00efsos de la conca mediterr\u00e0nia.<\/p>\n<p>USOS:<\/p>\n<p>ORNAMENTAL: Utilitzat en jardins per la seua estructura harm\u00f2nica i per l\u2019ombra que proporciona.<br \/>\nALIMENTARI: Els seus pinyons s\u2019utilitzen en rebosteria i en nombrosos plats mediterranis.<br \/>\nINDUSTRIAL: La seua fusta \u00e9s lleugera i flexible, per la qual cosa s\u2019utilitza en fusteria i en estructures, en particular en la construcci\u00f3 mar\u00edtima; tamb\u00e9 per a la fabricaci\u00f3 de pasta de paper o per a obtindre resina.<\/p>","protected":false},"excerpt":{"rendered":"<p>Nom com\u00fa: Pi pinyoner<br \/>\nNom cient\u00edfic: Pinus pinea, L.<br \/>\nHonoris Causa: Richard Alan Normann  (07\/10\/2011)<\/p>\n<p>ORIGEN: Regi\u00f3 mediterr\u00e0nia.<br \/>\nCARACTER\u00cdSTIQUES:<br \/>\nArbre perenne de tronc m\u00e9s recte que el pi blanc i de cap\u00e7ada arrodonida, amb forma de para-sol quan arriba a l\u2019edat adulta.<br \/>\nBranca i escor\u00e7a de color marr\u00f3-rogenc.<br \/>\nCURIOSITATS:<br \/>\nEspanya \u00e9s el primer productor mundial de pinyons, seguida dels pa\u00efsos de la [&#8230;]<\/p>\n","protected":false},"author":3285,"featured_media":0,"parent":25517,"menu_order":30,"comment_status":"closed","ping_status":"closed","template":"","meta":{"ngg_post_thumbnail":0,"_links_to":"","_links_to_target":""},"_links":{"self":[{"href":"https:\/\/protocolo.umh.es\/ca\/wp-json\/wp\/v2\/pages\/27119"}],"collection":[{"href":"https:\/\/protocolo.umh.es\/ca\/wp-json\/wp\/v2\/pages"}],"about":[{"href":"https:\/\/protocolo.umh.es\/ca\/wp-json\/wp\/v2\/types\/page"}],"author":[{"embeddable":true,"href":"https:\/\/protocolo.umh.es\/ca\/wp-json\/wp\/v2\/users\/3285"}],"replies":[{"embeddable":true,"href":"https:\/\/protocolo.umh.es\/ca\/wp-json\/wp\/v2\/comments?post=27119"}],"version-history":[{"count":0,"href":"https:\/\/protocolo.umh.es\/ca\/wp-json\/wp\/v2\/pages\/27119\/revisions"}],"up":[{"embeddable":true,"href":"https:\/\/protocolo.umh.es\/ca\/wp-json\/wp\/v2\/pages\/25517"}],"wp:attachment":[{"href":"https:\/\/protocolo.umh.es\/ca\/wp-json\/wp\/v2\/media?parent=27119"}],"curies":[{"name":"wp","href":"https:\/\/api.w.org\/{rel}","templated":true}]}}

<p></p>
<ul>
<li>Nom comú: Pi pinyoner</li>
<li>Nom científic: Pinus pinea, L.</li>
<li>Honoris Causa: <span style="color: #808000"><a href="https://protocolo.umh.es/2011/10/07/solemne-acto-de-apertura-de-curso-academico-2011-2012-e-investidura-como-como-doctores-honoris-causa-de-de-la-profa-dra-helga-kolb-y-del-prof-dr-richard-normann-2/">Richard Alan Normann</a> </span> (07/10/2011)</li>
</ul>
<p><a href="https://protocolo.umh.es/files/2021/07/Pino-piñonero.jpg"><img loading="lazy" class="alignnone size-medium wp-image-27122" src="https://protocolo.umh.es/files/2021/07/Pino-piñonero-300x276.jpg" alt="" width="300" height="276" srcset="https://protocolo.umh.es/files/2021/07/Pino-piñonero-300x276.jpg 300w, https://protocolo.umh.es/files/2021/07/Pino-piñonero-768x706.jpg 768w, https://protocolo.umh.es/files/2021/07/Pino-piñonero.jpg 835w" sizes="(max-width: 300px) 100vw, 300px" /></a></p>
<p>ORIGEN: Regió mediterrània.</p>
<p>CARACTERÍSTIQUES:</p>
<p>Arbre perenne de tronc més recte que el pi blanc i de capçada arrodonida, amb forma de para-sol quan arriba a l’edat adulta.<br />
Branca i escorça de color marró-rogenc.</p>
<p>CURIOSITATS:</p>
<p>Espanya és el primer productor mundial de pinyons, seguida dels països de la conca mediterrània.</p>
<p>USOS:</p>
<p>ORNAMENTAL: Utilitzat en jardins per la seua estructura harmònica i per l’ombra que proporciona.<br />
ALIMENTARI: Els seus pinyons s’utilitzen en rebosteria i en nombrosos plats mediterranis.<br />
INDUSTRIAL: La seua fusta és lleugera i flexible, per la qual cosa s’utilitza en fusteria i en estructures, en particular en la construcció marítima; també per a la fabricació de pasta de paper o per a obtindre resina.</p>

<p>Nom comú: Pi pinyoner<br />
Nom científic: Pinus pinea, L.<br />
Honoris Causa: Richard Alan Normann  (07/10/2011)</p>
<p>ORIGEN: Regió mediterrània.<br />
CARACTERÍSTIQUES:<br />
Arbre perenne de tronc més recte que el pi blanc i de capçada arrodonida, amb forma de para-sol quan arriba a l’edat adulta.<br />
Branca i escorça de color marró-rogenc.<br />
CURIOSITATS:<br />
Espanya és el primer productor mundial de pinyons, seguida dels països de la [&#8230;]</p>
